 Is q a composite number?
True
Let j = 226 + -230. Suppose -g = m + 3*g + 4048, -15 = 3*g. Is 3/3*m/j composite?
True
Let s = 46 + -37. Let f be 4779/(-2) - ((-81)/6)/s. Let k = f - -4181. Is k a composite number?
True
Suppose -w + 61 = 5*o + 16, 5*o - 55 = -3*w. Suppose 0 = -2*c - 78*l + 79*l + 2960, 0 = 2*l + o. Is c a composite number?
True
Is (12/(-27 - -15))/((-3)/(189446 + 1)) a composite number?
False
Let a(y) = -58737*y**3 + 2*y**2 + y + 5. Is a(-2) prime?
True
Suppose -5*y + 2*f - f = 0, 0 = -y + 4*f + 19. Is (-321)/y - (-24)/18*-3 a prime number?
True
Suppose -21*w + 11*w + 59280 = 0. Let z = 12917 + w. Is z prime?
False
Suppose 0 = -6*r + 19250 - 2522. Let b be 1815 - (2 - 2) - -2. Let p = r - b. Is p composite?
False
Let b = -9886 + 22512. Suppose 11*f - b = 50613. Is f a prime number?
True
Let q = -1053844 + 1856273. Is q a composite number?
True
Suppose -20*z + 73470 = -66*z + 460744. Is z a composite number?
False
Suppose -11*q + 4885057 + 1189483 = 9*q. Is q composite?
False
Suppose -11556*l - 480781 = -11563*l. Is l composite?
False
Let g = -2122 + -14971. Is (1 + -1 - 1)*g a prime number?
True
Let m be (-6)/4 - 1985/10. Let t be ((-72)/(-60))/(2/1905). Let y = m + t. Is y a composite number?
True
Let s = 107706 + -68483. Is s prime?
False
Let a(s) = -8*s**3 + 2*s - 16. Let j be a(-7). Let w = 563 - -1256. Let q = j - w. Is q a composite number?
True
Let g(j) = -3*j - 2 - 2*j**2 + 64*j**3 - 22*j - 62*j**3. Is g(15) prime?
True
Let l(b) be the first derivative of -35*b**4/4 + b**3/3 + 2*b - 4305. Suppose 2 + 1 = -y, 4*y = 3*v. Is l(v) a composite number?
True
Suppose -53*g + 49*g + 12 = 0. Suppose d = -g*d. Suppose 5*c - 7*c + 334 = d. Is c composite?
False
Let j be (-10)/(-25) + (-23)/(-5) - 21. Let m(v) = -144*v - 109. Is m(j) composite?
True
Suppose 4*w + 4*o - 2 = 10, 5*w - 19 = -3*o. Suppose -w*z = z - 10398. Is z a composite number?
False
Suppose -h = -1234 + 135. Let z be (4 - 3)/(-1)*180/(-30). Suppose h = l + z*l. Is l a composite number?
False
Suppose 5*x = 4*r + 5, x = 2*r + 5*x - 4. Let h(u) = u**2 + 12*u + 14197. Is h(r) composite?
False
Is 1/3 + (290264/39 - -8) prime?
True
Let w = 7012 + -14235. Let x = -1716 - w. Is x composite?
False
Suppose -3*h = -0*h - 9, -3*y - 2*h = -57. Suppose 3*q + p - 4*p - 3 = 0, 4*q + y = -3*p. Is (131/q)/(9/(-126)) composite?
True
Let s(g) = -g**3 - g**2 + 4*g - 143. Let u be s(0). Let p = u + 154. Is p composite?
False
Is (68368 - 17) + (1 - -1) composite?
True
Let q be 23/2 - (-7)/14. Suppose 15*w = q*w + 13101. Is w prime?
False
Let a = 94484 - 65625. Is a prime?
True
Let a(n) = 13*n**2 - 224*n + 287. Is a(-44) prime?
True
Let x(g) = -41*g**3 + 15*g**2 - 9*g + 8. Let j(l) = l**3 - l**2 - l - 1. Let k(z) = -2*j(z) + x(z). Let u be k(-10). Is u/32 - 3/8 prime?
True
Suppose 0 = 2*i - 4*z - 12, -5*z - 44 + 51 = 3*i. Suppose 8*s = i*s + 11596. Is s a composite number?
True
Let l(t) = t**2 - 4*t - 11. Let m be l(7). Let h(w) = -107*w - m*w + 10*w - 3. Is h(-2) prime?
True
Let d = 90328 - 62353. Suppose -d = -28*o + 13*o. Is o composite?
True
Let g be 39 - (-1)/(-3)*18. Suppose -28*u = -g*u + 1630. Is u a composite number?
True
Let f(a) = -a**3 + 8*a + 17. Let p be f(-3). Suppose -16162 = -p*x + 658. Is x composite?
True
Let j(x) = 145 - 41 + 1 - 578*x. Is j(-8) a prime number?
True
Suppose 828457 = 4*v - 5*o, v + 309*o - 305*o = 207109. Is v a prime number?
True
Let u be (24/(-10))/((-14)/35). Suppose -u = 8*m - 10*m. Is ((-148)/6)/(m - (-33)/(-9)) a composite number?
False
Suppose 2*z - 120063 - 48803 = 0. Is z a prime number?
False
Is ((-48)/432)/(7/(-56356083)) a prime number?
True
Let p(k) be the second derivative of 2/3*k**3 - 1/20*k**5 - 1/2*k**4 + 0 + 16*k - 8*k**2. Is p(-9) a prime number?
True
Suppose -25*w + 155690 = -59735. Is w prime?
False
Suppose -5*g + 163769 - 53652 = 3*s, 0 = 4*g + 8. Is s composite?
False
Let u = -778 - -781. Suppose -u*w - 2215 = -h - 0*h, -4*w + 6593 = 3*h. Is h prime?
True
Suppose 0*c - 92 = -5*g + 2*c, 0 = 4*c - 16. Let x be (-720)/g*(37 + 0). Is 3/(((-12)/x)/((-1)/(-3))) a composite number?
True
Let u = 212961 - 122594. Is u prime?
False
Suppose -5*b + 84205 = 5*o, 14*b = 13*b - 4*o + 16835. Is b a composite number?
False
Suppose 193*a = 3*t + 198*a - 1122383, t - 374133 = -a. Is t composite?
True
Let w(r) = 2*r**2 + 6. Let p be w(0). Suppose -k - p*d = -d - 690, 4*k - 2*d = 2782. Let s = 182 + k. Is s prime?
True
Let r(q) = -q**2 - 38*q - 91. Let u be r(-25). Is (u/(-36))/((-2)/356) a prime number?
False
Suppose 270*t + 516289 = 132*t + 5215051. Is t composite?
True
Suppose -2*h + 10466 = 780. Let t = h + -10103. Let n = -1473 - t. Is n prime?
False
Let k(g) = -3*g - 31. Let z be (-142)/12 + (-1)/6. Let i be k(z). Suppose -6389 = 5*h - 10*h + 4*f, 4*f - 6381 = -i*h. Is h composite?
False
Let v = 11 + 34. Let t = v - 40. Suppose -t*w + 115 = -280. Is w a composite number?
False
Let h(j) = -j**3 + 2*j**2 + 3*j + 2623. Suppose -687*c + 692*c = 0. Is h(c) a prime number?
False
Let b(m) = -7*m - 23. Let c be b(-4). Let p be (c + 4)*4/12. Suppose 0 = -p*s + 4*s + 4*j - 1567, 0 = 4*s - 5*j - 6205. Is s prime?
False
Let z = 2 + 3. Let a(j) = 6*j - 31. Let s be a(6). Suppose -z*d = v - 407, 4*d - 807 + s = -2*v. Is v a prime number?
True
Suppose 5*j - 17253 = -3*m, -3*j - 3*m = -0*m - 10347. Is j a prime number?
False
Suppose 6*s + 30036 = 5*s. Is (s/24)/(2/(-4)) prime?
True
Let y = 35 + -36. Let s be (y - -1 - 1)*(2 + 3). Let n(a) = 26*a**2 - 8*a - 7. Is n(s) a composite number?
False
Let i = 58865 + -23898. Is i a composite number?
True
Let m be 18/(-72) - 2/(16/6). Is 73980/48 + 3/4 + m prime?
False
Let h = 331 + -115. Is (-2)/(12/(-6329)) - (-36)/h prime?
False
Suppose i + 154901 = 4*b, -13*b - i - 77451 = -15*b. Let f = -18270 + b. Is f a prime number?
False
Let g be (4 - (-18)/(-4))*(-5 - -1). Suppose 4803 = 2*v - d, -5 = -g*d + 1. Suppose 4*w + 367 - v = 0. Is w prime?
True
Let z(c) = 1. Let b(d) = 5*d**2 + 35*d + 107. Let u(v) = b(v) - 2*z(v). Is u(-29) prime?
False
Let u = 17 - -29. Suppose -f - f = -u. Suppose f = v - 3. Is v composite?
True
Let w = -104 + 143. Suppose w*n + 9757 = 44*n - 3*g, 3*g + 3910 = 2*n. Is n prime?
True
Let m(w) = -w**2 - w + 1. Let g(l) = 2*l**3 - 11*l**2 - 5*l - 7. Let a be g(6). Let o(y) = 2*y**2 - 9*y - 14. Let b(z) = a*o(z) - m(z). Is b(7) prime?
False
Let f(j) = 26*j - 180. Let k be f(7). Suppose -k*y = -2*r - 7924, r - 9248 - 10592 = -5*y. Is y prime?
True
Let o = 76 - 61. Suppose -4*a = 2*y - 49 + o, 0 = 4*y + 3*a - 43. Suppose y*c - 4*h - 564 = 3*c, 2*c = h + 286. Is c prime?
False
Suppose -p - 166 = 25*h - 30*h, -2*h = -p - 67. Suppose 10801 = -26*q + h*q. Is q prime?
True
Let i be ((-22)/11 - 4)*33/(-6). Suppose i*u = 25*u + 4456. Is u composite?
False
Let r = 5220 + 1282. Is r a prime number?
False
Let y = 109407 + -58808. Is y a composite number?
False
Suppose h = f + 65, -3*h + 5*f = h - 257. Let n(j) = -208 + 62 - 349*j + h + 70. Is n(-3) composite?
False
Suppose -93*h = -42*h - 30*h - 8456259. Is h composite?
True
Let p(o) = -368*o + 15. Let k(t) = 736*t - 31. Let q(l) = 2*k(l) + 5*p(l). Is q(-3) a prime number?
True
Let n(b) = 1303*b + 58. Is n(45) prime?
True
Suppose -5*s - 6 = 4, 4*v - 5*s = 34. Suppose 12*z + 288 = v*z. Is -5 + z/(-10) + 5172/10 composite?
True
Is ((-24440245)/(-93))/((-5)/(-3)) a composite number?
False
Let q = 6680 - 4395. Is q composite?
True
Let o be (-1)/(-2) - (6 - (-210)/(-20)). Suppose 0 = -4*v + 5 + 11. Suppose 171 = 5*k - 4*r, o*k = -v*r + 211 - 72. Is k a prime number?
True
Suppose -5*n - a = -1321058, -528425 = 10*n - 12*n - a. Is n a composite number?
False
Suppose 9 + 9 = -3*q. Let r(s) = 72*s - 13 + 14*s**2 + 18*s**2 - 67*s + 0. Is r(q) composite?
False
Is 3/(-12) - (60/(-50) - (-49375044)/(-80)) prime?
True
Let w be -6 - (16 + -2 + -1). Is (-79821)/w - 14/133 a prime number?
True
Is (-472285)/(-5) + (9/3 - -3) a composite number?
False
Let a = -57490 + 86369. Is a prime?
True
Suppose -369*x + 410*x = 1941391. Is x composite?
False
Let n(k) = 7*k**2 - 526*k - 25. Is n(-48) a composite number?
False
Let o(w) = -2*w**3 - 30*w**2 - 14*w - 69. Let g be o(20). Is g*(3 + 5 - 9) composite?
False
Let j be (-2)/5 + (-1974)/(-235). Suppose -19*f + 61501 = -j*f. Is f a compo